 6*a + 75. Give p(-26).
-81
Let p(l) = -7*l**3 - l**2 - 17*l + 18. What is p(0)?
18
Let i(n) = 45*n + 484. Determine i(-11).
-11
Let m(b) = -362*b - 1083. Calculate m(-3).
3
Let u(h) = -300*h**2 - 1794*h + 32. What is u(-6)?
-4
Let d(j) = j**3 + 49*j**2 + 286*j - 60. Calculate d(-7).
-4
Let t(q) = -q**2 - 314*q - 2146. Determine t(-7).
3
Let i(y) = 89*y + 2592. Give i(-35).
-523
Let y(w) = 107*w + 393. Determine y(-4).
-35
Let u(f) = f**2 + 274*f + 202. Calculate u(0).
202
Let g(u) = -12*u**2 + 33*u + 49. Give g(8).
-455
Let k(u) = 265*u + 4508. Give k(-17).
3
Let w(h) = h**2 + 32*h - 7318. Calculate w(-103).
-5
Let x(j) = 2219*j + 579166. Give x(-261).
7
Let r(l) = l**3 + 50*l**2 - 87*l - 1866. Determine r(-51).
-30
Let x(a) = -a**3 + 30*a**2 - 197*a - 15. What is x(9)?
-87
Let s(x) = x**2 - 3*x - 225. Give s(14).
-71
Let l(d) = 7*d**2 - 8*d + 62. Give l(-6).
362
Let f(y) = -2*y**3 - 5*y**2 + 30*y + 80. Calculate f(-3).
-1
Let q(r) = -49*r + 58. Calculate q(0).
58
Let a(d) = d**3 + 23*d**2 - 29*d + 18. What is a(-24)?
138
Let p(z) = -z**2 + 32*z + 102. Determine p(43).
-371
Let d(w) = w**3 - 288*w**2 - 860*w - 1. Calculate d(-3).
-40
Let n(c) = -8*c**2 - 2*c + 76. What is n(-4)?
-44
Let v(z) = z**3 + 25*z**2 - 550*z + 48. Give v(14).
-8
Let k(r) = 3*r**2 + 4*r - 165. What is k(10)?
175
Let l(q) = -464*q - 6506. Give l(-14).
-10
Let l(m) = 43*m + 57. Give l(-2).
-29
Let f(j) = j**3 + 33*j**2 - 44*j + 901. Give f(-35).
-9
Let f(m) = -2*m**2 + 15*m + 82. Determine f(11).
5
Let h(g) = -62*g - 687. Determine h(-11).
-5
Let d(u) = -u**2 + 64*u - 355. Calculate d(58).
-7
Let q(y) = -5*y - 395. Determine q(-14).
-325
Let g(q) = -3*q**3 - 13*q**2 - 13*q - 259. What is g(-6)?
-1
Let k(y) = -11*y**2 + 7*y - 1. Determine k(-1).
-19
Let o(n) = -301*n - 17158. Calculate o(-57).
-1
Let b(w) = -19*w - 5. Calculate b(4).
-81
Let a(m) = -m**2 + 68*m + 1971. Calculate a(90).
-9
Let g(v) = 40*v + 3603. Determine g(-90).
3
Let q(d) = -27*d**2 - 35*d - 3. Determine q(3).
-351
Let l(y) = -y**2 + 22*y + 423. What is l(-12)?
15
Let b(g) = 8629*g - 51807. Determine b(6).
-33
Let p(z) = -z**2 + 43*z - 23. Calculate p(41).
59
Let s(t) = -133*t + 15828. Calculate s(119).
1
Let r(v) = 24*v - 319. Give r(16).
65
Let f(h) = -h**2 - 18*h - 101. Give f(-13).
-36
Let j(l) = 18*l**3 - 427*l**2 - 125*l + 121. What is j(24)?
1
Let o(c) = c**2 - 9*c - 290. Determine o(-11).
-70
Let n(u) = -16*u**2 - 58*u - 50. What is n(-1)?
-8
Let i(t) = -225*t + 1800. Determine i(8).
0
Let i(a) = -3*a - 158. Calculate i(-39).
-41
Let u(r) = 2*r**3 - 5*r**2 + 2*r - 4. Give u(5).
131
Let m(p) = p**2 - 27*p - 29. Give m(33).
169
Let k(s) = 36*s - 3324. Give k(94).
60
Let u(y) = -y**2 + 12*y + 159. Calculate u(-24).
-705
Let l(d) = d**2 + 651*d - 12722. Calculate l(19).
8
Let j(q) = -2*q**2 - 203*q + 1040. Calculate j(5).
-25
Let g(i) = 39*i**2 + 157*i - 9. What is g(-4)?
-13
Let s(t) = -2*t**2 + 82*t + 267. What is s(44)?
3
Let t(m) = m**2 + 6*m - 19. What is t(-8)?
-3
Let i(u) = -9*u**2 - 5*u + 18. Calculate i(2).
-28
Let q(x) = -108*x + 638. Calculate q(6).
-10
Let v(p) = -2941*p + 2934. Determine v(1).
-7
Let i(d) = 45*d - 6507. Calculate i(145).
18
Let y(s) = 5*s**2 - 61*s + 63. Calculate y(13).
115
Let y(p) = -74*p - 1442. Calculate y(-20).
38
Let t(u) = 517*u - 112701. Determine t(218).
5
Let k(b) = 109*b**2 + 7*b + 4. Determine k(-2).
426
Let f(v) = 67*v + 1216. Determine f(-18).
10
Let d(x) = x**2 + 999*x - 1998. Determine d(2).
4
Let n(v) = -2329*v + 69866. Give n(30).
-4
Let u(l) = l**3 + 30*l**2 - 12*l + 28. Calculate u(-31).
-561
Let y(x) = 17*x + 48. What is y(-4)?
-20
Let f(g) = -g**2 + 73*g + 2760. What is f(-27)?
60
Let t(z) = -200*z + 3794. What is t(19)?
-6
Let t(u) = -3*u**2 - 92*u + 189. Give t(2).
-7
Let w(t) = -t**3 - 80*t**2 + 253*t + 231. Calculate w(-83).
-101
Let r(x) = x**3 + 19*x**2 - 5*x - 87. Calculate r(-19).
8
Let c(i) = 95*i**2 + 1906*i + 62. Calculate c(-20).
-58
Let p(g) = -3*g**2 - 399*g + 7642. Calculate p(17).
-8
Let k(d) = 5*d**2 - 61*d + 244. What is k(8)?
76
Let h(i) = -8*i**2 + 116*i + 1430. Give h(-8).
-10
Let q(y) = -y**3 + 3*y**2 - 2*y - 2. Determine q(4).
-26
Let z(y) = 4882*y + 53709. What is z(-11)?
7
Let p(g) = -4*g**3 - 16*g**2 + 8*g + 4. Give p(-7).
536
Let g(c) = 319*c + 13049. Determine g(-41).
-30
Let q(a) = -a**3 - 14*a**2 - 7*a - 336. Give q(-15).
-6
Let f(p) = -p**2 - 60*p + 75. Determine f(-62).
-49
Let u(j) = -5*j + 183. Determine u(38).
-7
Let b(m) = 70*m**2 - 16939*m - 245. Calculate b(242).
-3
Let g(p) = -p**2 - 22*p - 87. What is g(-4)?
-15
Let u(c) = -c**3 + c**2 - c + 44. Determine u(4).
-8
Let n(m) = 8*m**2 - 46*m - 210. Determine n(-3).
0
Let q(a) = -680*a + 2688. Give q(4).
-32
Let f(p) = 4*p**3 + 12*p**2 - 6*p - 20. Give f(-3).
-2
Let w(b) = -b**3 - 273*b**2 + 6*b + 1598. Calculate w(-273).
-40
Let o(l) = -54*l + 2351. Calculate o(38).
299
Let c(r) = -5*r**3 - 6*r**2 - 5*r - 6. Give c(-3).
90
Let v(g) = -g**3 + 24*g**2 + 16*g + 217. What is v(25)?
-8
Let g(t) = -311*t + 46339. Determine g(149).
0
Let r(u) = -649*u + 2932. Determine r(6).
-962
Let f(z) = -6*z**2 + 164*z + 1365. What is f(34)?
5
Let t(o) = -o**3 + 34*o**2 - 69*o + 168. What is t(32)?
8
Let g(d) = -42*d + 1089. What is g(26)?
-3
Let h(s) = 443*s - 2232. Give h(5).
-17
Let f(j) = -7*j - 20. What is f(8)?
-76
Let h(l) = -5*l**2 + 18*l + 1. Calculate h(5).
-34
Let x(h) = h**2 + 62*h - 32895. What is x(-215)?
0
Let i(r) = 11*r**3 - 7*r**2 - 5*r + 24. Give i(-2).
-82
Let z(r) = r**3 - 3*r**2 - 57*r + 9. Determine z(11).
350
Let n(d) = -2*d**2 - 85*d + 289. Calculate n(3).
16
Let p(y) = y**2 - 64*y - 474. Calculate p(70).
-54
Let a(k) = 161*k + 9337. Calculate a(-58).
-1
Let j(v) = -7*v - 199. Give j(-14).
-101
Let n(i) = -i**3 - i**2 - 10*i - 251. What is n(-6)?
-11
Let y(t) = 4*t**2 - 167*t - 221. Give y(43).
-6
Let y(r) = 4*r**2 + 168*r + 159. Give y(-41).
-5
Let g(l) = 2*l**3 + 16*l**2 - 32*l + 92. What is g(-10)?
12
Let t(l) = 104*l - 1405. Give t(13).
-53
Let j(m) = 17*m - 395. Give j(24).
13
Let d(q) = -2*q**3 - 20*q**2 + 34*q + 39. Determine d(-13).
611
Let w(x) = 5*x**2 - 28*x - 22. Calculate w(10).
198
Let x(w) = -8*w + 273. What is x(13)?
169
Let g(s) = 54*s + 499. Calculate g(-10).
-41
Let d(v) = 6*v**3 - 81*v**2 - 73*v + 8. Give d(-1).
-6
Let p(d) = 163*d - 1932. Calculate p(12).
24
Let c(q) = -32*q + 61. What is c(7)?
-163
Let q(n) = 100*n**2 - 2905*n + 135. Calculate q(29).
-10
Let t(b) = 6*b**2 - b - 6. Calculate t(-2).
20
Let d(i) = 23*i**2 - 30*i - 31. Determine d(-1).
22
Let v(t) = -t**2 + 4*t - 18. Give v(-8).
-114
Let j(q) = q**2 - 49*q - 111. Determine j(0).
-111
Let t(d) = -d**3 + 60*d**2 + 172*d + 1088. What is t(63)?
17
Let b(q) = 27*q + 546. Determine b(-14).
168
Let m(k) = 442*k + 213. What is m(-3)?
-1113
Let u(z) = 671*z + 2682. Determine u(-4).
-2
Let o(h) = -h**3 - 7*h**2 - 31*h - 102. Give o(-5).
3
Let n(v) = v**2 - 58*v - 246. Give n(-4).
2
Let s(q) = -4*q**3 - 6*q**2 - 8*q - 4. What is s(-2)?
20
Let v(d) = d + 254. Give v(46).
300
Let k(t) = 500*t + 3991. Give k(-8).
-9
Let z(s) = s**3 + 33*s**2 - 32*s + 58. Determine z(-34).
-10
Let r(t) = 2*t**3 - 83*t**2 + 69*t - 1185. Calculate r(41).
-37
Let c(m) = 11*m - 326. Give c(27).
-29
Let v(o) = -o**2 - 61*o - 636. What is v(-9)?
-168
Let w(k) = 13*k**2 + 199*k + 59. Determine w(-15).
-1
Let s(p) = -15*p**2 - 79*p + 19. Calculate s(-5).
39
Let u(a) = -11*a - 91. Determine u(-7).
-14
Let d(z) = -z**3 + 26*z**2 + 3*z + 3. Determine d(0).
3
Let q(u) = -21*u**2 - 601*u - 3895. Determine q(-10).
15
Let m(a) = -174*a - 719. Give m(-4).
-23
Let z(y) = -92*y + 740. Give z(8).
4
Let j(h) = -h**2 + 29*h - 306. Give j(23).
-168
Let r(m) = 2*m**3 + 42*m**2 + 182*m + 38. What is r(-15)?
8
Let g(m) = -m**3 - 54*m**2 + 99*m + 2312. Calculate g(-55).
-108
Let b(v) = -2*v**3 - 4*v**2 - 27*v - 48. Determine b(6).
-786
Let p(n) = -14*n**2 + 350*n + 34. Calculate p(25).
34
Let s(q) = 6*q**2 - 164*q - 40. Calculate s(26).
-248
Let s(k) = k**2 + 49*k + 25. Give s(-49).
25
Let n(w) = 40*w**2 + 237*w - 668. Calculate n(-8).
-4
Let i(v) = -v**2 + 7*v + 13. Determine i(8).
5
Let h(q) = 109*q + 102. Give h(-1).
-7
Let t(i) = -i**3 - 9*i**2 + 7*i - 41. Determine t(-10).
-11
Let w(d) = 200*d + 11820. Give w(-59).
20
